 of q and l.
27
Let f be 31269/13 - 12/39. What is the greatest common factor of 65 and f?
65
Suppose 4*v = -4*w + 128, -4*v + 11 + 5 = 0. Calculate the greatest common factor of 8 and w.
4
Suppose 142 = -6*b + 1114. Calculate the highest common divisor of b and 243.
81
Let h be -6 - 96/(-12) - -729. Calculate the highest common divisor of h and 86.
43
Suppose 0 = -2*i + 21 + 15. Let p be ((-6)/(-4))/((-3)/(-36)). What is the highest common factor of p and i?
18
Let f(j) = 1365*j - 23 + 9 - 1368*j. Suppose -5*q - 3*m - 8 = 13, -3*q - 33 = -5*m. Let t be f(q). Calculate the greatest common divisor of 1 and t.
1
Let r(z) = -z**2 + 16*z + 13. Let n be r(18). Let c be 1/(-2) - 213/(-6). Let b = c + n. What is the greatest common divisor of 12 and b?
12
Let g be (8/14)/((-14650)/(-1330) + -11). Suppose 0 = w - 5*u - 241, -5*u - 8 = -33. Calculate the highest common factor of w and g.
38
Let v(m) = -8*m + 8. Let w be v(-5). Calculate the highest common divisor of w and 36.
12
Let p(z) = 9*z + 3. Let x be p(1). Suppose -5*o + x = -3. Suppose 51 = 4*f - v, 3*v + 37 = o*f + 2*v. What is the greatest common factor of f and 126?
14
Let g = -583 - -647. Calculate the greatest common divisor of 320 and g.
64
Let m = 170 - 102. Suppose 253 = 4*g + 3*c - 143, 4*c = 5*g - 526. What is the greatest common divisor of g and m?
34
Suppose 0 = d + 66 - 71. What is the greatest common factor of 55 and d?
5
Let m(r) be the first derivative of -r**4/4 - r**3/3 + 7*r**2/2 - 11*r + 16. Let v be m(-4). What is the greatest common factor of 9 and v?
9
Let i be (-2)/6 + (-390)/(-9). Suppose -7832*a + 903 = -7811*a. Calculate the highest common factor of a and i.
43
Let z be -3*(-12)/(-9) + 32. Let c = z - -5. What is the greatest common factor of c and 99?
33
Let p be 45/(-12) - 3/12. Let s be 103 + (p - (3 - 2)). Calculate the highest common divisor of 14 and s.
14
Suppose -4*m - 132 = -6*m - 3*p, 0 = -3*m - 2*p + 198. What is the greatest common factor of 24 and m?
6
Suppose 0 = -8*a - 124 - 748. Let s = a - -112. What is the greatest common factor of s and 9?
3
Let y(x) be the third derivative of x**5/60 - x**3/6 - 4*x**2. Let t be y(5). Let k = 36 - 12. What is the highest common divisor of k and t?
24
Let h(v) = 24*v - 141. Let o be h(6). What is the highest common factor of 12 and o?
3
Suppose 4*q = -2*c + 3*q + 76, -c - 5*q = -29. Let j = -36 + c. What is the highest common divisor of 21 and j?
3
Suppose -3*y = 7*x - 9*x + 124, 4*x + y - 220 = 0. Calculate the greatest common factor of 560 and x.
56
Let t be 38/(-57)*(0 - 4 - 113). Calculate the greatest common divisor of 832 and t.
26
Let j = 870 + -731. Calculate the highest common factor of 2363 and j.
139
Let w be 8/6*57/2. Let u = 32857 - 32591. What is the greatest common divisor of u and w?
38
Suppose 4*z + 4 = s - 5*s, s - 3 = -3*z. Suppose -4*r + 2*h = -r - 196, -4*r + 280 = z*h. Calculate the greatest common divisor of r and 102.
34
Let b(m) = 60*m**2 + 2*m - 1. Let k be b(1). Suppose y - 6*y + v = -k, 3*v + 51 = 4*y. Calculate the greatest common factor of y and 42.
6
Let g(k) be the first derivative of -k**2/2 - 2*k + 3. Let x(d) = -2*d + 32. Let f be x(19). Let t be g(f). What is the greatest common divisor of t and 32?
4
Let o(a) = -3*a**3 - 105*a**2 + 8*a - 84. Let n be o(-36). What is the highest common divisor of n and 24?
12
Suppose -3*s = -m + 75, -s - 305 = -4*m - m. Calculate the greatest common divisor of 30 and m.
30
Suppose -2*b - 1166 = -4*m, -5*m = -10*b + 6*b - 1450. What is the greatest common factor of 84 and m?
42
Let t(x) = x + 15. Let h be t(-15). Suppose h = 29*n - 25*n - 28. Calculate the highest common factor of n and 56.
7
Let j = -16 - -23. Let a(w) = w**3 - 3*w**2 + 3*w. Let p be a(2). Suppose 2*h = -p*h + 84. Calculate the greatest common factor of h and j.
7
Let c(p) = 6*p - 10. Let d be c(-5). Let u = d - -58. Suppose -6 = -j + 12. What is the greatest common divisor of j and u?
18
Let f(o) = o**3 - 13*o**2 - 9*o + 4. Let c be f(14). What is the highest common factor of c and 592?
74
Suppose 129 = -a + 5*a - 3*o, -3*a + 3*o + 96 = 0. Let l be (-4)/(-10)*-1 + (-831)/(-15). What is the highest common divisor of a and l?
11
Let v = -1789 + 2163. What is the highest common divisor of v and 176?
22
Let d = -15 - -16. Suppose -3 - d = -x. What is the highest common divisor of x and 32?
4
Let b(k) = 3*k + 219. Let j be b(-67). What is the greatest common factor of j and 6?
6
Suppose 32*k - 18 = 34*k. Let u = k + 12. Suppose -4*y = -2*t - 84, u*t = -y + t + 21. Calculate the greatest common factor of y and 126.
21
Let i = 2349 + -2279. Let c be 12 + 0/1 + 2. Calculate the greatest common factor of i and c.
14
Suppose -j + 69*q = 73*q - 3826, -j + 3822 = 3*q. What is the greatest common factor of j and 30?
30
Let w(g) = -129*g - 472. Let a be w(-8). What is the highest common divisor of 70 and a?
70
Let p(u) = -u**3 - 5*u**2 - 24*u - 18. Let a be p(-6). Calculate the highest common factor of 48 and a.
6
Suppose -q + 18 = q + 2*d, 4*q - 2*d - 18 = 0. Suppose 0 = -q*u + u + 65. Let f = 8 + 57. What is the greatest common factor of u and f?
13
Let l be 3/(-7) + (-657)/(-63). Suppose 5*z + 14 = 114. What is the highest common factor of l and z?
10
Let l(o) = -11*o**3 - 6*o**2 - 4*o + 5. Let v be l(-3). Calculate the greatest common factor of v and 20.
20
Let g = -393 + 399. What is the greatest common divisor of g and 15?
3
Suppose 140 + 220 = 10*p. What is the highest common factor of p and 153?
9
Let p(t) = -t**3 - 2*t**2 - 5*t - 9. Let d be p(-6). What is the highest common factor of d and 110?
55
Let t = 16 - 25. Let v(j) = -j**2 - 8*j + 9. Let k be v(t). Suppose 0 = -5*m - 20, 32 = l - k*m - 2*m. Calculate the greatest common factor of 16 and l.
8
Let z = 322 - 286. Let s be 0 - (-5)/((-10)/(-4)). Let v be 1 - (4/s - 25). Calculate the greatest common factor of v and z.
12
Suppose r = s - 2*r - 24, 5*s = r + 148. Suppose 35*m + 30 = 40*m. Calculate the greatest common divisor of m and s.
6
Suppose -18*u - 18*u = -20304. What is the highest common divisor of u and 1269?
141
Suppose 5*z + 12 = 4*r, 7*r - z = 3*r + 28. Suppose s = -82 - 2. Let y = 140 + s. Calculate the greatest common factor of y and r.
8
Let h = 0 - -2. Suppose -c + 5*u + 14 = -9, 3*u = h*c - 18. What is the greatest common divisor of 3 and c?
3
Suppose 3*i - 5 = 2*i - l, 0 = -3*i - 2*l + 13. Suppose v = i*v. Suppose -3*s + 70 - 28 = v. Calculate the highest common factor of s and 112.
14
Let p(r) = 2*r**3 - 8*r**2 - 26. Let g be p(5). What is the greatest common divisor of g and 136?
8
Let y(q) = -q**3 + 13*q**2 - 12*q + 68. Let g be y(12). What is the greatest common divisor of g and 8?
4
Suppose r - 6*f + 4*f = -2, 0 = -4*f + 8. Suppose -6*q + r*q - 17 = -s, 0 = 2*s - 2*q - 28. What is the greatest common divisor of 26 and s?
13
Suppose 5*v - 43 = 22. Let d(c) = 3 + c**2 - 7*c + 3*c + c - c. Let j be d(-10). What is the highest common factor of j and v?
13
Let i be (-34)/(-170) - (-46)/(-5). Suppose b + 122 = 4*v + 2*b, 3*v - 3*b = 84. Let a = v + i. What is the greatest common factor of a and 7?
7
Let i be 8/6 + 2/3. Suppose -2*g + 12 = i*g. Calculate the greatest common factor of g and 6.
3
Suppose 12*s - 7*s = 30. Suppose 66 = 5*p + s. Calculate the highest common factor of p and 24.
12
Suppose -n - 5*o + o = 10, -5*o = 20. Let u(d) = 14*d - 24. Let l be u(n). What is the greatest common factor of l and 150?
30
Let o(u) = -u**3 + 15*u**2 - 12*u - 28. Let z be o(13). Calculate the greatest common factor of z and 28.
14
Suppose 29*u - 159 = 1436. Suppose -r = -3*r + 44. Calculate the highest common divisor of u and r.
11
Let i(k) = -k + 9. Let x(v) = -2*v**3 - 5*v**2 - v + 2. Let g be x(-3). Let s = g - 7. Let n be i(s). Calculate the highest common divisor of 8 and n.
2
Let i = -1951 + 2081. Calculate the greatest common factor of 110 and i.
10
Suppose 10 = 2*d, -20 = 3*s + 4*d + 5. Let t = s + 21. What is the greatest common factor of 12 and t?
6
Suppose 3*x = -4*r + 193, 10*r - 3*x = 12*r - 89. Let n = -2 - -15. Calculate the greatest common divisor of n and r.
13
Suppose 10 = -4*o + 34. Let i = -16 + 22. Suppose i = 3*k - 6. Calculate the highest common divisor of o and k.
2
Let q be 2/12 - 1175/(-150). 